ppose 0 = -2*g - 0*g - 4*b + 24, -4*b = -12. Suppose 0 = -u - 2*y + 30, u - g*u + 5*y + 105 = 0. Suppose -2*z = -4*z + u. List the prime factors of z.
2, 3
Let b = 2 + 0. Suppose f - 48 = -b*f. Suppose 0 = u + 2*g - f, -2*u - 4*g + 8*g = 0. List the prime factors of u.
2
Let b(s) = -s**3 + 4*s**2 - 4*s + 3. Let h be b(3). Suppose h*o - o = -25. Let r = o + -10. What are the prime factors of r?
3, 5
Let s = -3 - -9. What are the prime factors of s?
2, 3
Suppose -567 = -5*t + 83. Suppose -2*g = -7*g + t. What are the prime factors of g?
2, 13
Suppose 3*q - 31 - 62 = 0. What are the prime factors of q?
31
Suppose -3*u + 2*b = -43, 3 = 2*b + 1. List the prime factors of u.
3, 5
Suppose -37 = -2*l + l. Suppose -5*z + l + 43 = 0. What are the prime factors of z?
2
Suppose 2*t = -2*t - 72. Let v be ((-14)/4)/((-1)/(-2)). List the prime factors of 12/t*(v - -1).
2
Let v = 12 - 5. Suppose -4*p - h = -24, 0 = h - 6*h + 20. Suppose -l - p*x = -34, v*l - 51 = 3*l - 3*x. List the prime factors of l.
3
Suppose -3 = 2*s - x - 1, -4*s - 16 = -5*x. Suppose s - 16 = -5*c. What are the prime factors of c?
3
Let y be 5*(-1)/(1 - 0). Let z(k) = -k**3 - 6*k**2 - 2*k + 4. Let x be z(-6). Let a = x + y. What are the prime factors of a?
11
Suppose -2*l = l - 18. Let y be -1*3/l*-2. What are the prime factors of y - 3/(3/(-4))?
5
Let o(z) = 9*z - 7. Let y(a) = a. Let b be y(6). Let x be o(b). Suppose -1 = j, 4*t - 2*j - j = x. List the prime factors of t.
11
Suppose -p + 30 = 2*p - 4*j, 5*p + 3*j = 21. Suppose s - 2*d + 9 = 4*s, -2*s + p = 2*d. What are the prime factors of s?
3
Suppose 5*y - 4 = 46. What are the prime factors of y?
2, 5
Suppose -2*f - 3*f = -120. Suppose -f - 24 = -3*x. What are the prime factors of x?
2
Let h = -7 + 11. Let x(i) = 2*i**2 - 5*i + 1. Let l be x(h). Let q = l + -1. What are the prime factors of q?
2, 3
What are the prime factors of 2 + (240/3 - -1)?
83
Suppose 0*y = -2*y + 18. Let t(u) = -u**2 + 8*u + 10. Let i be t(y). Let q = i + 1. What are the prime factors of q?
2
Let j = -59 - -73. List the prime factors of j.
2, 7
Let c be (4/6)/(1/(-42)). Let q = c + 75. Suppose -5*n = -q + 17. What are the prime factors of n?
2, 3
Let j(k) be the second derivative of k**5/20 + 7*k**4/12 + 5*k**3/6 - k**2/2 + 3*k. Let l be (1*6)/(-1) + 0. What are the prime factors of j(l)?
5
Let v(x) = -4*x + 8. List the prime factors of v(-6).
2
Let m(q) = q + 6. Let y be m(-3). Suppose 2*z = 3*x - 0*x - 3, y*z - 5*x = -7. Suppose 2*o = 5*o - z. List the prime factors of o.
2
Let i = 20 + -28. Let j be (1 + 2)/(12/i). Let w = j + 6. What are the prime factors of w?
2
Suppose -5*x + 29 = 4. Suppose 0 = -x*m - 4*q + 57, m - 2*q + 3*q = 12. What are the prime factors of m?
3
Let l = 83 + -47. Suppose -l + 2 = -2*k. What are the prime factors of k?
17
Let k = -7 - -10. Let l = 11 - 4. Let v = l - k. What are the prime factors of v?
2
Let m(z) = -z + 7. Let k be m(5). Suppose -9 = b - k. What are the prime factors of (-30)/b + (-6)/21?
2
Let z(q) = q**2 + 2*q + 1. Let h be z(-1). Suppose 0 = -h*p - 4*p. What are the prime factors of (p + 33/(-6))*-2?
11
Let c be (0 - 7)*18/(-2). What are the prime factors of c/(-2)*(-2)/3?
3, 7
Let q be 1 + 22/((-1)/1). Let l = -15 - q. Let r = l + 0. List the prime factors of r.
2, 3
Let i(r) = 3 + 8*r - r**2 - 2 - 1. What are the prime factors of i(7)?
7
Let l = -5 + 8. Let y(k) = k**2 - 3*k - 2. Let h be y(l). Let v = h - -6. What are the prime factors of v?
2
Let o(x) = -x**3 + 5*x**2 + 8*x - 9. Let t be o(6). Suppose 12 + t = 3*k. List the prime factors of k.
5
Let h = 9 - 6. Suppose 3 = h*m - 3. Suppose -30 = m*z - 5*z. List the prime factors of z.
2, 5
What are the prime factors of 7*138/27 + 4/18?
2, 3
Let j(v) = v**2 - 7*v + 6. Let y be j(6). Suppose y = q - 1, -q - 2 = -3*u + 15. What are the prime factors of (-3)/(-9) - (-52)/u?
3
Let t be 24/(-18)*(-3)/2. Suppose 0*v + t*v = 0. List the prime factors of -6*12/(-9) - v.
2
Suppose 14 = 6*i - 4*i. Suppose -i*z = -2*z - 100. List the prime factors of z.
2, 5
List the prime factors of (0/(-4) + 3)/(1/3).
3
Let i = 4 + 1. Let u = i + -4. List the prime factors of ((-24)/15)/(u/(-10)).
2
Suppose -2*t + 140 = -0*t. What are the prime factors of t?
2, 5, 7
Let y = -77 + 223. What are the prime factors of y?
2, 73
Let m be (90/8)/((-6)/16). Let z(l) = l**3 - l + 1. Let s be z(-2). What are the prime factors of (-234)/m - 1/s?
2
Let o(l) = -4*l - 2. Let r be o(-1). Suppose -4 = -2*a + 5*k, k + 4*k = -r*a + 44. List the prime factors of a.
2, 3
Suppose -70 = -r - 5*k, 5*r - 2*r = 5*k + 210. What are the prime factors of r?
2, 5, 7
Suppose 2*l + 11 - 53 = 0. What are the prime factors of l?
3, 7
Suppose 7*m = 2*m + 1070. Suppose 0 = 4*y - v - 129, -3*v = 4*y + 73 - m. What are the prime factors of y?
3, 11
Let l = -38 - -208. List the prime factors of l.
2, 5, 17
Let d be 1 - 3 - -10*1. Let y be 2/(-6) - (-78)/18. Suppose 2*r = -y, 50 = -4*c + d*c - 3*r. List the prime factors of c.
11
Let s be (-3)/(-2) + 2/4. Suppose -g - c = -9, -3 = g + 3*c - 16. Suppose -3*o + s = -g. List the prime factors of o.
3
Let j(n) = 4*n**3 - 2*n**2 + 4*n - 3. List the prime factors of j(2).
29
Suppose -3*w = 5*k - 108, 7*k - 3*w - 81 = 3*k. List the prime factors of k.
3, 7
Suppose 0*p - 4*p + 28 = 0. Let b = 9 - p. What are the prime factors of b?
2
Let d(j) = 30*j + 1. List the prime factors of d(1).
31
Let g be 5/(100/(-16))*-140. What are the prime factors of 6*1*g/32?
3, 7
Let a(x) = -x**2 - 18*x + 38. What are the prime factors of a(-11)?
5, 23
Suppose -k - 2*g + g + 12 = 0, k - 2*g - 3 = 0. Let x = 16 - k. List the prime factors of x.
7
Suppose -4*r - 52 = -424. What are the prime factors of r?
3, 31
Suppose -2*w - 20 = -7*w. Let f be (w/10)/(3/45). Suppose -3*o = -f*o + 18. What are the prime factors of o?
2, 3
Suppose 11 = 4*t - 29. Let b = t - 1. What are the prime factors of b?
3
Let g(q) be the second derivative of 19*q**4/12 - q**3/6 + q**2/2 - 3*q. List the prime factors of g(1).
19
Suppose -2*f - 13 + 382 = -3*v, -2*f + 5*v = -371. What are the prime factors of f?
3, 61
Let i(u) be the second derivative of u**4/12 - 11*u**3/6 + 9*u**2/2 - u. What are the prime factors of i(11)?
3
Suppose 4*w + 3*z - 466 = 0, z = 4*w - 5 - 469. List the prime factors of w.
2, 59
Let n(c) = -7*c**3 - c + 1. List the prime factors of n(-2).
59
Let x = -302 - -426. List the prime factors of x.
2, 31
Let j = -34 + 43. List the prime factors of j.
3
Let m be 4/1*(1 + -2). Let f = m + 3. What are the prime factors of (-10)/(2*f + 0)?
5
Suppose 3*l + k - 6*k = -25, 4*k = 20. Suppose l = 4*w - 0*w - 76. List the prime factors of w.
19
List the prime factors of (-1 - 745/(-15))*3.
2, 73
Suppose -2*k + 0 = -12. List the prime factors of k.
2, 3
Let a = 0 + 28. List the prime factors of a.
2, 7
Suppose d - 5*d + 20 = 0. Suppose v - 4*v = -2*b - 6, -23 = -b - d*v. Let o = b - -3. List the prime factors of o.
2, 3
Let s(l) = 2*l**2 + l + 1. Let u be s(-1). Suppose u*p = -2*p + 8. List the prime factors of p.
2
Let m(o) = 10*o + 2. Let p(c) = -c**2 - 7*c + 2. Let r be p(-7). List the prime factors of m(r).
2, 11
Let g(c) = 7*c - 5. List the prime factors of g(6).
37
Let b(p) be the second derivative of -p**5/20 - p**4/4 - p**3/3 + 3*p**2/2 + 7*p. What are the prime factors of b(-3)?
3
What are the prime factors of (-3)/(-7) + (-134)/(-14)?
2, 5
Suppose 0 = -0*p + 5*p - 105. Suppose m + 2*m - p = 0. Let d(r) = r**2 - 6*r + 2. What are the prime factors of d(m)?
3
What are the prime factors of (-3)/6 - (-1475)/10?
3, 7
Let f be 6 + (0 - 2) - 0. Let k(d) = -5*d - 14. Let i be k(-14). Suppose 0*a + i = f*a + 5*o, -2*o = 5*a - 53. What are the prime factors of a?
3
Let m(v) be the second derivative of v**3/6 + 3*v**2 + 2*v. Suppose -2*f + 4*f = 0. What are the prime factors of m(f)?
2, 3
Suppose -9 = t - 46. What are the prime factors of t?
37
Let q = -7 - -9. What are the prime factors of q?
2
Suppose -w - 227 = -s, -s + 4*w = -54 - 170. What are the prime factors of s?
2, 3, 19
Suppose 0 = -3*w - 3 + 15. Let n = w - -5. Suppose -2*c = -n - 21. List the prime factors of c.
3, 5
Let r(u) = u + 11. Let f be r(-6). Suppose 0*x + 51 = 3*x. Suppose 0 = 3*m + f - x. What are the prime factors of m?
2
Let d = 52 + -47. Let 